. Let i(v) = -v**3 + 15*v**2 + 13*v + 38. Let f be i(d). What is the units digit of (-24)/15*25/f?
4
Suppose 18*y = 4594 + 5702. Let a = y - 123. What is the tens digit of a?
4
Let y be ((-5930)/7)/(-5) + 6/(-14). Let w = y - 57. What is the hundreds digit of w?
1
Let l = -49 - -54. Let x(a) = -6 - 3 - l*a + 2*a**2 + 3 + 2. What is the units digit of x(-6)?
8
Let y(p) = p**3 - 3*p**2 + 3*p - 3. Let c be 8*(-2)/(-4) + (6 - 6). Let i be y(c). Suppose -5*z = i, 43 = -4*u + 4*z + 139. What is the tens digit of u?
1
Let n = 7885 - 5015. What is the thousands digit of n?
2
Let s = 41719 - 23456. What is the units digit of s?
3
Let q(n) = n - 2. Let c(h) = -67*h - 7. Let a(i) = -c(i) + 3*q(i). What is the units digit of a(2)?
1
Suppose 0 = 7*y - 2*y - 120. Suppose -894 = -b - y. What is the hundreds digit of b?
8
Suppose 15*z - 14*z = 14. What is the tens digit of ((-114)/4)/((-1)/z)?
9
Let h(i) = 13*i. Let u(b) = 14*b + 1. Let a(y) = 5*h(y) - 4*u(y). Let w be a(1). Suppose 0 = g, -2*c = 3*c - w*g - 265. What is the units digit of c?
3
Let g(v) = -v + 1. Let c be g(-7). Let d be ((-85)/34 - (2 - -1))*-126. Suppose x + d = c*x. What is the tens digit of x?
9
Suppose 2*f = -4*t + 1096, 4*t = 4*f + 5*t - 2157. Suppose f + 82 = c. What is the units digit of c?
0
Suppose -r - 65 = -5*z, 0 = 3*z + 3*r - 0 - 39. Suppose 18771 = z*g + 1481. What is the hundreds digit of g?
3
Let p(b) = -9*b - 197. Let w be p(18). Let x = w - -1196. What is the hundreds digit of x?
8
What is the thousands digit of 260/(-182)*(-38255)/10?
5
Suppose 35*q = -77 + 7. What is the hundreds digit of -1*49*(q - (-1 - -8))?
4
Let c = 62 + -59. Let q be 7 - c - (31 - 2). Let z = 117 - q. What is the tens digit of z?
4
Let z be (4/(-6))/(8/(-12)). What is the units digit of z/(270/(-273) + 1)?
1
Let y(r) = -r**2 + 24*r - 39. Let f be y(22). What is the tens digit of 760 + (f - 6)*-3?
6
Let a(l) be the second derivative of 17*l**4/12 + l**3/2 - 3*l**2/2 - 3*l. Let q(b) = -b**2 + 12*b - 17. Let o be q(2). What is the hundreds digit of a(o)?
1
Suppose 74842 = 7*f - f - 64364. What is the ten thousands digit of f?
2
Suppose 43 = 5*o - 227. Suppose -o*w + 53*w + 361 = 0. What is the hundreds digit of w?
3
Let n(t) = 203*t + 3. Let l(o) be the first derivative of o**3/3 + 3*o**2 + o + 6. Let c be l(-6). What is the units digit of n(c)?
6
Let z be 135378/115 - (-2)/(-10). Let h = z + -593. What is the hundreds digit of h?
5
Let y be (-1 - 15/(-21)) + (-7596)/21. Let g = -424 + y. What is the tens digit of g/(-15) - (-2)/(-5)?
5
Let j = -7466 + 45391. What is the hundreds digit of j?
9
What is the ten thousands digit of 26008 + (-4 - -4) + (4 - (8 - 9))?
2
Let d = -24285 + 106995. What is the thousands digit of d?
2
Suppose 31*s = 8*s - 759. What is the units digit of (22/s - (-1994)/12)*2?
1
Suppose -4*p + 3*p = -n - 1, 2*p = n + 6. Suppose -p*f = -744 - 796. What is the hundreds digit of f?
3
Suppose 0 = -386*p + 388*p. Suppose 6*s - a + 132 = 8*s, p = 5*s + 5*a - 320. What is the units digit of s?
8
Let h(z) = 78*z**2 - 87*z + 3. Let k be h(-5). Let u = k - 1354. What is the thousands digit of u?
1
Suppose 0 = g + 8*g - 45. Suppose 4*x - g*h - 828 = 0, 2*x - 340 = 4*h + 80. Suppose c - 5*r - x + 23 = 0, 0 = 3*c - r - 579. What is the units digit of c?
4
Let u(y) = 5*y + 23. Let n be u(-4). Suppose 10*w - 7 = 5*o + 11*w, -2*o + n*w - 13 = 0. What is the units digit of ((-632 - o)/10)/(1*-1)?
3
Let r = -33 + 20. Let x(o) = -2*o**2 + 5*o + 43. Let b(d) = d**2 - 3*d - 20. Let g(k) = -5*b(k) - 3*x(k). What is the hundreds digit of g(r)?
1
Let o(d) = d**3 - 17*d**2 + 12*d + 26. Let w be o(17). Let q = w + 193. What is the hundreds digit of q?
4
Let p(d) = -788*d + 1075. What is the thousands digit of p(-16)?
3
What is the hundreds digit of 2/28*98242 - 3/(273/26)?
0
Suppose -5*h - 30508 = -4*p - 0*p, 0 = 9*h - 8*h. What is the units digit of p?
7
Suppose 5*d - 5 = 6*d, 65 = 5*o + 5*d. What is the tens digit of 5 + 59081/99 + 4/o?
0
Let m(y) = -4*y**2 - 33*y + 4. Let h be m(-15). Let u = 554 + h. What is the tens digit of u?
5
Let u(k) = -4600*k - 152. What is the hundreds digit of u(-12)?
0
What is the hundreds digit of (-453)/302 + (-36254)/(-4)?
0
Let b = 731 + -730. What is the thousands digit of ((-4)/24)/(b/4)*-2487?
1
Let c = -243 - -458. Let a be ((-6)/27 + 30/54)*(-1 - 158). Let s = a + c. What is the units digit of s?
2
Let z be 0 + -6 + 2 - (1 + -14). Suppose 4*o + z*i - 907 = 6*i, 5*o = 4*i + 1126. What is the units digit of o?
6
Suppose -32 = -3*j + j. Let y(a) = a**3 - 18*a**2 + 34*a - 32. Let t be y(j). Suppose t = z + u - 149 - 64, z = 2*u + 204. What is the tens digit of z?
1
Suppose 6481881 - 1628195 = 127*o. What is the ten thousands digit of o?
3
Suppose 4*z + z = 4*m + 22038, z - 4413 = -m. Suppose 20*h + 450 - z = 0. What is the hundreds digit of h?
1
Suppose -62*c + 80 = -42*c. Suppose 6 = -2*y + 4*k, -5*y - 2*k - 2*k + 55 = 0. Suppose -y = -j + z + 16, 0 = c*z + 16. What is the units digit of j?
9
Suppose 3159 = -5*j + 9234. Let c be 2*(j/(-6))/5. Let o = -36 - c. What is the tens digit of o?
4
Let p(d) = 5*d**2 - 4*d - 22. Let n be p(11). Suppose 2*c + n + 2743 = 4*v, 0 = -4*v + 3*c + 3279. What is the hundreds digit of v?
8
Let b(j) = 8*j**2 - 137*j + 49101. What is the units digit of b(0)?
1
Let p(x) be the second derivative of x**4/6 + 5*x**3/6 - 3*x**2/2 + 50*x - 2. What is the units digit of p(1)?
4
Let p = -47619 - -82959. What is the units digit of p?
0
Let q = -31114 - -44427. What is the ten thousands digit of q?
1
Let a(t) = -t**3 - 4*t**2 + 6. Let n be a(-3). Let h be (-5 + -1)/(n*(-20)/(-30)). What is the tens digit of (1/(-2))/(h*6/(-10404))?
8
Let d = 13 - 9. Suppose 3*t - 354 = -d*v, 327 = 4*t - t - 5*v. Suppose -q = p - t, q - 334 = -3*p - 0*q. What is the hundreds digit of p?
1
Suppose 4*h = 6*h - 14. Suppose -1592 = -4*i - 2*q, 2*i + 5*q - h*q - 808 = 0. What is the tens digit of i?
0
Suppose -3*q - 3*j = -146961, -j = -3*q + 101651 + 45294. What is the tens digit of q?
8
Let k be (349/(-4))/(36/(-144)). Suppose -d = -32 - k. What is the hundreds digit of d?
3
Let q be 3/6 - (-651)/14. Let r = -45 + q. Suppose 7*v - r*v + 2*i = 195, -v + 5*i = -66. What is the units digit of v?
1
Let y(d) = 3*d**2 + 55*d - 68. Let g be y(-25). Suppose 2*b - 1072 - g = 0. What is the tens digit of b?
5
Let s = 1494 + -220. Let g = 1784 - s. What is the tens digit of g?
1
Suppose -5 = 5*t - 0*t + 4*v, 5*t - 20 = v. Let l(p) = -23*p + 6*p + 6 + p**2 + 15*p. What is the units digit of l(t)?
9
What is the units digit of (-49 - -73)*62/(-18)*(-7485)/20?
8
Let l(u) = u**2 - 19*u + 88. Let o be l(9). What is the tens digit of (o/8)/(35/(-38780))?
7
Let j be (-2)/4 - (-12)/(-8)*-497. Suppose -7*q + 38 = j. Let i = q + 112. What is the tens digit of i?
1
Let q = 774 + -224. Let s = q - 260. What is the units digit of s?
0
Let v = -980 - -1717. Suppose -3*l = 2*d - 539, 0 = -4*l + d - 0*d + v. What is the hundreds digit of l?
1
What is the units digit of 2/(8/(-37396))*(-4)/(20/5)?
9
Suppose -106384 + 618041 = 43*j. What is the hundreds digit of j?
8
What is the units digit of (-255)/(-2)*34932/410?
3
Let a(p) = -7*p - 14. Suppose -2*r + 6 + 0 = 0, -4*f = -3*r + 17. Let l be a(f). Suppose l = 23*n - 21*n - 200. What is the hundreds digit of n?
1
Let d = 314 + -306. Suppose -5*t = -5*n - 6140, d*n - 11*n = -3. What is the tens digit of t?
2
Let q be ((-56)/(-12) + -4)*264. Let z = -6 - -10. Suppose p + z = q. What is the tens digit of p?
7
Suppose 3*u + 25667 = 5*h, 12*h - 10*u + 7*u - 61605 = 0. What is the units digit of h?
4
What is the units digit of (-926844)/(-75) + (-6)/(-75)?
8
Suppose 38*g = 16*g + 24222 + 51194. What is the hundreds digit of g?
4
Let k(a) = 35*a + 263. Let y be k(-7). What is the tens digit of 6/y + 93/9*89?
2
Let o be (29328/7 - 4/(-14)) + -2. What is the hundreds digit of o/7 - (-6)/(-21) - -2?
6
Let w be (2 + 10)/((-6)/(-20)). Suppose -2*f - 5*n = -4, 3*f - 2*n = -n + w. What is the units digit of f/(-30) - 36/(-15)?
2
Let z = 41 + -46. Let a(p) = -3*p**3 - 11*p**2 + 8*p + 3. What is the units digit of a(z)?
3
Let b = 328 + -336. What is the units digit of (1195 - -7)/(7/((-28)/b))?
1
What is the units digit of 4/160*139798 - (-26)/520?
5
Suppose 0 =